f a.
449
Suppose 5*h - 88 = -3*z, -3*h + 101 - 23 = 3*z. Let u(w) = -2*w + 25. Let m(y) = 2*y - 18. Let o(s) = 3*m(s) + 4*u(s). What are the prime factors of o(z)?
2
Let j be (0 - -1)/(0 - 1/(-12)). What are the prime factors of (-10 + j)/(-2 - 1066/(-532))?
2, 7, 19
Let l = 42 + -36. Suppose -l*y = -y - 305. Let k = 146 - y. List the prime factors of k.
5, 17
Let w be (-1 - 2) + 2 - (-4 + 90). Let l = 242 + w. Suppose l = -0*o + o. What are the prime factors of o?
5, 31
List the prime factors of (-319104)/(-9) + -8 + 33/(-11).
3, 5, 17, 139
Let t(m) = m**2 - 25*m + 135. Let d be t(18). Suppose 7570 = 5*l - 5*w + d*w, 2*w = 0. What are the prime factors of l?
2, 757
Suppose 9*b + 16*b = 0. What are the prime factors of (6/8 - b)*15132/13?
3, 97
Let h(v) = -1124*v - 25. Let a be h(-2). Suppose q + 1234 = a. List the prime factors of q.
23, 43
Let n = -351 + 273. What are the prime factors of n/897 - (-26638)/46?
3, 193
Let j(b) = -15*b**2 + 11*b - 23. Let d(s) = 32*s**2 - 21*s + 45. Let f(a) = -2*d(a) - 5*j(a). What are the prime factors of f(6)?
7
Let w = -3847 + 6327. List the prime factors of w.
2, 5, 31
Let r(i) = 266*i - 371. Let a(f) = 22*f - 31. Let l(q) = 49*a(q) - 4*r(q). What are the prime factors of l(10)?
3, 5, 7
Suppose 2*l = 3*l - 94. Suppose -3*x - 4*o + l = -424, 3*o = -3. What are the prime factors of x?
2, 3, 29
Suppose 0 = -4*k - 3*o + 76579, -7*k + 5*o - 19166 = -8*k. List the prime factors of k.
19141
Suppose -1429 = 15*o - 37339. List the prime factors of o.
2, 3, 7, 19
Let b be 16/6*22*(18 + -21). Let j = b - -827. List the prime factors of j.
3, 7, 31
Suppose -4*r + 29*i - 31*i = -268078, 2*r - i - 134041 = 0. What are the prime factors of r?
2, 3, 5, 1117
Let r(k) = -24533*k**3 + 11*k**2 + 6*k + 1. List the prime factors of r(-1).
53, 463
Let q = 43 - 39. Suppose -2*f - 2490 = -7*f - 5*p, -2490 = -5*f + q*p. What are the prime factors of f?
2, 3, 83
Suppose -5*x = 4*c - 22, 11*c = -4*x + 14*c - 1. Suppose 5*w + 4*p = 6*p + 1066, 422 = x*w - 3*p. What are the prime factors of w?
2, 107
Let t = 1007 - -2038. What are the prime factors of t?
3, 5, 7, 29
Suppose 20719 = 5*d + j, 5*j - 4139 = 8*d - 9*d. Suppose 11*u = -5*u + d. List the prime factors of u.
7, 37
Suppose -5*j + 182 = -3*d, -2*j + 3*j - 34 = 3*d. Suppose 3038 = -j*w + 44*w. What are the prime factors of w?
2, 7, 31
Let q(u) = 3*u**2 - 6*u - 2. Let m be q(6). Suppose -49*r + 457 = 16. Let c = m + r. List the prime factors of c.
79
Let n be 2/(2/21)*(-10 + -1). Let t(z) = -5*z**3 - 6*z**2 + 2*z + 4. Let m be t(-5). Let y = m + n. What are the prime factors of y?
2, 7, 17
Suppose 79*d = 6058944 - 715226. What are the prime factors of d?
2, 31, 1091
Let r be 3/(-6)*(1 - -17). Let j(z) = -z**2 - 11*z - 14. Let v be j(r). Suppose -4*c = 3*n - 0*n - 123, 0 = v*n + c - 177. List the prime factors of n.
3, 5
Let q(c) = c**3 + c**2 - 5*c + 266. Let b = 272 - 272. What are the prime factors of q(b)?
2, 7, 19
Let q = -100 + 96. List the prime factors of 208/(-2 - q) + 2*1.
2, 53
Let w = 100 - 20. Suppose 0 = 5*z + 4*q + w, -q = -0*z + 3*z + 48. List the prime factors of 68/16*z/(-10)*5.
2, 17
Suppose f + 25 = z, -z + 4*f = -0*f - 19. Let x = -18 + z. Suppose 0 = -6*b + x*b - 408. What are the prime factors of b?
2, 17
Suppose -7*u - 67 = -8*u. Let s(n) = n**3 + 12*n**2 + 11*n + 125. Let h be s(-13). Let w = u - h. List the prime factors of w.
2, 127
Suppose -5*p = -s + 11, 3*p + 2*p = -2*s + 52. Suppose -2*i = -s*i + 6327. List the prime factors of i.
3, 37
Let c = -5 + 52. Suppose a = -c + 819. What are the prime factors of a?
2, 193
Let x(d) = -13*d + 116. Let v be x(8). What are the prime factors of (6/v*1322 - -3) + 2?
2, 3, 37
Suppose -4*j = 3*j + 21485 - 172671. What are the prime factors of j?
2, 10799
Let v(x) = 103 - 2*x - 99*x**2 + 222 + 93 + 96*x**2. List the prime factors of v(0).
2, 11, 19
Suppose 2*f + 4*l - 24 = 0, 3*f + 16*l = 12*l + 28. Suppose -3*z + 6*z = 12, -3*w + f*z = -569. List the prime factors of w.
3, 5, 13
Let s = -13458 + 24362. What are the prime factors of s?
2, 29, 47
What are the prime factors of 605640/126 + (-4)/(-3)?
2, 601
Let s be 1916/4 - 0/8. Suppose s*w - 3055 = 474*w. What are the prime factors of w?
13, 47
Let k(b) = b**2 - 28*b - 29. Let c be k(29). Let m(a) = 2*a**2 - 3*a + 241. What are the prime factors of m(c)?
241
Let z(g) = -g**3 - 3*g**2 - 23*g - 56. Let u be z(-3). Suppose -3*n - 2*b + 431 = 0, 0 = 14*b - u*b - 4. List the prime factors of n.
3, 47
Let l = -5341 + 14014. Suppose 0 = 12*q - l - 2175. List the prime factors of q.
2, 113
Let u = 4622 + -3249. What are the prime factors of u?
1373
Let h(u) be the second derivative of -1/6*u**3 + 0 + 1/4*u**4 - 17*u - 1/10*u**5 + 1/2*u**2. What are the prime factors of h(-3)?
5, 17
What are the prime factors of (-6)/((-6)/(-7))*24/(-14)*3385?
2, 3, 5, 677
Let k = 163 + -138. List the prime factors of ((-12)/(-20) + 1)*1*k.
2, 5
Let c(p) be the third derivative of 13/6*p**3 + 0*p - 31*p**2 - 3/8*p**4 + 0. List the prime factors of c(-14).
139
Let t = 13939 - -13669. List the prime factors of t.
2, 7, 17, 29
Let w(r) = -2*r - 46. Let x(p) = p**3 - 6*p**2 + p + 5. Let k be x(5). Let u be w(k). List the prime factors of (-168)/u*(-4)/(-7).
2, 3
Suppose 2*v - 14 = 4*r + 16, v = -5*r + 1. Suppose v*d = 25*d - 11872. List the prime factors of d.
2, 53
Suppose -5*s = 2*n - 11 - 17, 4*n - 2 = -s. Suppose v = s*v + 55. List the prime factors of -1*11*((-6 - -13) + v).
2, 11
Suppose -3*a + 4*c = -19322, -5*c - 4184 = -4*a + 21577. List the prime factors of a.
2, 3217
Let d = -250 - -881. List the prime factors of d.
631
Let m = 27953 - 16796. What are the prime factors of m?
3, 3719
Let n(u) be the third derivative of u**5/10 + 31*u**4/24 - 2*u**3/3 + 18*u**2. What are the prime factors of n(-10)?
2, 11, 13
Let r(s) = 3*s**3 - 116*s**2 + 121*s - 30. What are the prime factors of r(39)?
2, 3, 5, 23
Let k be (-2)/7 + 46/14. Suppose 8 = 4*y + k*p, 0 = -3*p + p. Suppose y*g + 7 = 3*q - 10, -g - 19 = -3*q. List the prime factors of q.
7
List the prime factors of (-490)/(-147)*(-27873)/(-15).
2, 19, 163
Let q = 36 - -96. Suppose -2*u + q = -1138. What are the prime factors of u?
5, 127
Suppose 37950 - 10173 = 3*n. List the prime factors of n.
47, 197
Let k(c) = 3*c - 21. Let j be k(11). Let o be j/8*148/3. Let x = 138 - o. What are the prime factors of x?
2
Let y(i) = 7*i**2 + 7*i + 16. Let m be y(-11). Let a = m + -523. Suppose 855 - a = 4*w. What are the prime factors of w?
2, 37
Let i(d) = 36*d**2 - 83*d - 972. List the prime factors of i(33).
3, 11831
Let d(a) = 141*a**3 + 3*a**2 + 2*a - 12. List the prime factors of d(3).
2, 3, 11, 29
Let m be 1/(-3 - (-215)/70). Suppose 0 = m*r + 180 + 16. Let q(j) = -2*j**2 - 31*j + 12. List the prime factors of q(r).
2, 3
Let g(y) = y**3 - 10*y**2 + 2*y - 1. Let s be g(7). Let z = s - -165. List the prime factors of z.
31
Let m = 25589 - -34275. List the prime factors of m.
2, 7, 1069
Let p = -175 - -175. Let l(w) = 2*w**3 + 0*w**3 + 2*w - 3*w**3 + 41. List the prime factors of l(p).
41
Let h = 3199 - -8824. What are the prime factors of h?
11, 1093
Suppose 6*g = 4*g + 60. Let b be (-3)/5 + (-42)/g. What are the prime factors of (3 + 1)/(b/(-84))?
2, 3, 7
Let l = -74075 - -114168. List the prime factors of l.
40093
Suppose -3*g - 3*r = -55656, 37*g + 2*r + 92788 = 42*g. List the prime factors of g.
2, 4639
Suppose -22*b = -219 + 43. List the prime factors of -2*2*(-4)/b.
2
Let i(o) be the second derivative of 17*o**3/3 - 11*o**2 + 92*o. List the prime factors of i(11).
2, 11
Let i = 38523 + -21437. List the prime factors of i.
2, 8543
Let i(q) be the second derivative of -2*q**3/3 - 23*q**2/2 + 13*q. Let o be i(-8). What are the prime factors of 1 - ((-3)/o)/(2/282)?
2, 3
Suppose -7*j = -48405 - 105868. What are the prime factors of j?
22039
Let x = 1973 - 1039. Suppose -x = -3*o + 665. What are the prime factors of o?
13, 41
Suppose 0 = 19*g - 21*g. Suppose g = -2*d + 10*d. Suppose 6*f + 105 - 261 = d. List the prime factors of f.
2, 13
Let h = 216 + -930. Let p = -402 - h. What are the prime factors of p?
2, 3, 13
Suppose 4047 = 16*z + 3*z. Let b = -74 + z. List the prime factors of b.
139
Let r(x) = x**2 - 2*x + 50. Let v(z) = z**2 - 3*z + 51.